?
2051
In base 2, what is -1010110111001 + 11110000?
-1010011001001
In base 2, what is 1001010101000 - -100011?
1001011001011
In base 8, what is 46670 + 1?
46671
In base 14, what is -9d60 + -14?
-9d74
In base 12, what is -4 - 3a2?
-3a6
In base 10, what is -6207858 + 5?
-6207853
In base 14, what is -636c - -3?
-6369
In base 10, what is 5712 + 2?
5714
In base 11, what is 123a + 57?
1296
In base 6, what is 3045311 - 0?
3045311
In base 10, what is 42 + -14279?
-14237
In base 5, what is -4032 - 424?
-10011
In base 15, what is 30d - 219?
e4
In base 14, what is -5 - -12bd?
12b8
In base 7, what is 14625212 - -1?
14625213
In base 16, what is -2b + -236?
-261
In base 5, what is -120103410 + -1?
-120103411
In base 6, what is 2 - -102522?
102524
In base 12, what is -4 - -b73?
b6b
In base 4, what is 12021010121 - -11?
12021010132
In base 6, what is 5553231 - -4?
5553235
In base 5, what is -1214330 + 3?
-1214322
In base 7, what is 26 - 120410?
-120351
In base 8, what is -7 + 221214?
221205
In base 5, what is 32103241 + 4?
32103300
In base 9, what is -6 - -1366871?
1366864
In base 5, what is -1121423 - 10?
-1121433
In base 14, what is -a - -12d79?
12d6d
In base 16, what is -3dcd - -5?
-3dc8
In base 11, what is 1a - -719?
738
In base 11, what is -2518a + -6?
-25195
In base 2, what is -101011111100000010 - 101?
-101011111100000111
In base 8, what is -10 - 11744?
-11754
In base 10, what is -2 - 489020?
-489022
In base 14, what is -a31 - d3?
-b24
In base 8, what is -210 + -1052?
-1262
In base 10, what is 0 - 99894?
-99894
In base 14, what is -75c4 - -5?
-75bd
In base 14, what is -7108 + 70?
-7078
In base 9, what is 41 + 2280?
2331
In base 8, what is 1730 + 31?
1761
In base 7, what is 1 + 53150?
53151
In base 8, what is 13 - -74634?
74647
In base 3, what is -10 - 2211001020?
-2211001100
In base 14, what is -77 - 4c?
-c5
In base 11, what is 1 - -59a78?
59a79
In base 13, what is -520 + -46?
-566
In base 14, what is -7563 - 1?
-7564
In base 15, what is 2306 + -32?
22c4
In base 11, what is 5 + -51801?
-517a7
In base 2, what is 11110111010001110 + 0?
11110111010001110
In base 14, what is 1556 - 0?
1556
In base 4, what is 102122130 - -10?
102122200
In base 16, what is 1ca7 - -1?
1ca8
In base 2, what is -1 + 1110110000110110?
1110110000110101
In base 14, what is -1489 + -7?
-1492
In base 11, what is -4 + -4460a2?
-4460a6
In base 3, what is 2121 + 10100021110?
10100101001
In base 14, what is -3442c - 5?
-34433
In base 7, what is 401425 + -1?
401424
In base 15, what is e24d - 76?
e1c7
In base 2, what is 1100011 - -11011001100?
11100101111
In base 7, what is 100 + 203146?
203246
In base 8, what is -137 - 265?
-424
In base 7, what is -10626 - 5?
-10634
In base 5, what is -41330 - -4?
-41321
In base 11, what is 15 - -37959?
37973
In base 4, what is 330 - -13012?
20002
In base 10, what is 6 - 236919?
-236913
In base 6, what is -123 - -402?
235
In base 15, what is 7 - 20eb?
-20e4
In base 9, what is 4217 - 12?
4205
In base 5, what is -340 - 422100?
-422440
In base 7, what is -462030 + 4?
-462023
In base 11, what is 1 + 5aa53?
5aa54
In base 3, what is 122202012021 - -12?
122202012110
In base 13, what is 4 + -2a00c7?
-2a00c3
In base 4, what is 12103 - 22312?
-10203
In base 16, what is 123 + 2b0?
3d3
In base 4, what is -2113230 + 2?
-2113222
In base 9, what is 3 + -17203?
-17200
In base 14, what is -175bc1 - -1?
-175bc0
In base 6, what is -1053041 - 10?
-1053051
In base 15, what is 4532b - -1?
4532c
In base 15, what is -c01d - -3?
-c01a
In base 4, what is 11 + -332131?
-332120
In base 13, what is -60 - -435?
3a5
In base 14, what is -4c + -179d?
-180b
In base 14, what is 1d9d + -1?
1d9c
In base 9, what is -208630 - -1?
-208628
In base 5, what is -10 - 3123100?
-3123110
In base 15, what is 12 - 59ae?
-599c
In base 4, what is -1011 - -113320?
112303
In base 3, what is -1 + 1000002021?
1000002020
In base 9, what is -1037 + 3638?
2601
In base 2, what is 1000011011111011001 + -100?
1000011011111010101
In base 4, what is 2310 + 2023200?
2032110
In base 2, what is 0 - 100000101100111?
-100000101100111
In base 7, what is 6434 - 6?
6425
In base 5, what is -1 - 2202041?
-2202042
In base 9, what is 2761700 - 0?
2761700
In base 12, what is -63 - 30?
-93
In base 3, what is -2 + -1211021?
-1211100
In base 16, what is -78 - -b4f?
ad7
In base 8, what is -1210422 + -2?
-1210424
In base 6, what is 40222 + -4?
40214
In base 12, what is -b90b - 7?
-b916
In base 14, what is 18b173 - -5?
18b178
In base 15, what is -19 + -4089?
-40a3
In base 6, what is 1 - -21013314?
21013315
In base 15, what is bcee7 + -4?
bcee3
In base 11, what is 8 + -3883?
-3876
In base 6, what is -53100 - 25?
-53125
In base 13, what is 208178 - 4?
208174
In base 16, what is 18 - -29c8?
29e0
In base 14, what is 36 + a4d1?
a527
In base 13, what is 4 - 8a9aa?
-8a9a6
In base 7, what is -663453 + 1?
-663452
In base 14, what is -5 + 644c?
6447
In base 2, what is 110 - -111001001101?
111001010011
In base 14, what is 4044 - -1?
4045
In base 2, what is -11110111110 - -1?
-11110111101
In base 12, what is -17 - 12003?
-1201a
In base 10, what is 51 - 12977?
-12926
In base 5, what is 31 - -13113?
13144
In base 7, what is 64124 + 3?
64130
In base 13, what is 251678 - 0?
251678
In base 14, what is 4 - -39ba2?
39ba6
In base 8, what is -12 - -433442?
433430
In base 14, what is 27a1 - 25?
277a
In base 4, what is -132 - 31121130?
-31121322
In base 15, what is 9e + 591?
640
In base 9, what is -3 - -2150713?
2150710
In base 11, what is 0 + -66?
-66
In base 13, what is -4 - -3a07?
3a03
In base 9, what is -53 - -5461?
5407
In base 14, what is 464c + 4?
4652
In base 8, what is 27742 + 350?
30312
In base 10, what is 3 - -138929?
138932
In base 4, what is 121 - 110002?
-103221
In base 6, what is -5 + 2252123?
2252114
In base 8, what is -10 + 23622?
23612
In base 9, what is -1082 - 47?
-1140
In base 16, what is -15b + 4e5?
38a
In base 7, what is -3 - -140064?
140061
In base 8, what is 7 + 3274?
3303
In base 9, what is -8 - -127635?
127626
In base 14, what is 1697bc - -2?
1697c0
In base 4, what is 2021 + 10232?
12313
In base 6, what is 3 + 31551100?
31551103
In base 9, what is 73 + -1806?
-1723
In base 15, what is -919 + -3?
-91c
In base 3, what is -10 + -1021112101?
-1021112111
In base 14, what is -b73 - -680?
-4d3
In base 13, what is -28b + 297?
9
In base 4, what is -1 - -1111113102?
1111113101
In base 7, what is -203436 - 1?
-203440
In base 8, what is 5665644 - 1?
5665643
In base 7, what is -134 + -34655?
-35122
In base 8, what is 4516 + -65?
4431
In base 3, what is 1010011 - 1010202?
-121
In base 6, what is -20504 - -124?
-20340
In base 6, what is -444 + -4130?
-5014
In base 16, what is -4633e - -3?
-4633b
In base 12, what is 0 + -a842?
-a842
In base 6, what is 113515 + 4?
113523
In base 11, what is 1 - -4353a6?
4353a7
In base 7, what is -245 - 1241?
-1516
In base 14, what is -12 + 2cda5?
2cd93
In base 8, what is -701 + -505?
-1406
In base 16, what is 13 - -516?
529
In base 16, what is 5 + -84?
-7f
In base 15, what is -18e5 + 8a?
-185a
In base 13, what is -372607 + -4?
-37260b
In base 2, what is -11 + -1010000110101010?
-1010000110101101
In base 10, what is 154 - 1890?
-1736
In base 7, what is -32 + 41236?
41204
In base 16, what is 0 + -1e5b8?
-1e5b8
In base 15, what is -1 - -72d68?
72d67
In base 12, what is 1b85 + 23?
1ba8
In base 15, what is 4 - 1ccd?
-1cc9
In base 5, what is -24022 + -13?
-24040
In base 13, what is 4 + -6b265?
-6b261
In base 8, what is -764 + -6327?
-7313
In base 12, what is 0 - 5b141?
-5b141
In base 3, what is 201 - -100202?
101110
In base 3, what is -1 + 212211200?
212211122
In base 5, what is -4 - -2412023?
2412014
In base 12, what is 163 - 3269?
-3106
In base 3, what is -12220212111 + 20?
-12220212021
In base 10, what is -12912 + 4?
-12908
In base 6, what is 0 + 13552203?
13552203
In base 14, what is 0 + -16b93?
-16b93
In base 13, what is 2 - -36108?
3610a
In base 5, what is 133434 + -11?
133423
In base 10, what is -2 + -199308?
-199310
In base 11, what is -9508 - 56?
-9563
In base 10, what is 1006 - 10?
996
In base 8, what is 3 - -544220?
544223
In base 14, what is 130 + 23?
153
In base 15, what is 4 + -aeea?
-aee6
In base 7, what is 14 - -40432?
40446
In base 16, what is -1c + -21b?
-237
In base 14, what is 31 + -515?
-4c4
In